214956?
False
Is 125880506 a multiple of 192?
False
Does 4 divide 127103732?
True
Is 1350 a factor of 240986241?
False
Is 5345 a factor of 1558876304?
False
Does 1241 divide 14724465?
True
Is 9659790 a multiple of 945?
True
Is 23 a factor of 26673380?
False
Does 210 divide 2621001139?
False
Is 776031122 a multiple of 34?
False
Does 4024 divide 106953896?
True
Does 11 divide 49830066?
True
Is 47 a factor of 409490790?
True
Is 128 a factor of 504358656?
True
Is 56346946 a multiple of 1013?
False
Is 289 a factor of 496907274?
False
Is 595 a factor of 59866227?
False
Is 19 a factor of 1559866788?
True
Is 11905761 a multiple of 8?
False
Is 9 a factor of 3716932842?
True
Does 82 divide 41317062?
False
Is 18 a factor of 1692564290?
False
Does 3661 divide 48764520?
True
Is 447533300 a multiple of 2148?
False
Does 8 divide 66530817?
False
Is 147769084 a multiple of 164?
True
Does 951 divide 126002745?
True
Is 630976581 a multiple of 12?
False
Is 38016531 a multiple of 2037?
True
Is 35967462 a multiple of 5?
False
Is 4519 a factor of 906497843?
True
Is 816 a factor of 115021576?
False
Does 72 divide 176868875?
False
Is 533 a factor of 1897946908?
True
Is 40 a factor of 702474938?
False
Is 462 a factor of 126619878?
True
Is 56 a factor of 992965420?
False
Is 24 a factor of 136399003?
False
Does 125 divide 995015500?
True
Is 707 a factor of 34405299?
False
Does 22 divide 555920850?
False
Does 2891 divide 936767839?
True
Does 75 divide 838820972?
False
Does 28 divide 22410647?
False
Is 1048 a factor of 24717238?
False
Is 294376017 a multiple of 249?
True
Is 26 a factor of 75955177?
False
Does 15 divide 2010073020?
True
Does 103 divide 1428163907?
True
Is 4057551696 a multiple of 66?
True
Is 48508800 a multiple of 620?
True
Is 373028137 a multiple of 28?
False
Is 201055842 a multiple of 13?
True
Is 60123508 a multiple of 124?
True
Is 32 a factor of 12569056?
True
Is 13396881 a multiple of 57?
True
Is 1468 a factor of 1054952124?
False
Is 54 a factor of 5665763?
False
Does 57 divide 19889010?
True
Is 24 a factor of 5807062?
False
Does 44 divide 32928124?
False
Is 443708411 a multiple of 574?
False
Is 2 a factor of 147763?
False
Is 203 a factor of 221167938?
False
Does 114 divide 22572342?
True
Is 22508676 a multiple of 188?
True
Is 285529156 a multiple of 6?
False
Does 42 divide 9191005?
False
Does 301 divide 1596626657?
False
Does 28 divide 166535975?
False
Does 6 divide 235568670?
True
Does 7 divide 43750151?
False
Is 164192256 a multiple of 2448?
True
Does 198 divide 13942566?
True
Is 38 a factor of 95556467?
False
Is 179669297 a multiple of 1363?
True
Does 223 divide 39539015?
True
Does 176 divide 492789499?
False
Does 10 divide 4935065548?
False
Is 2828 a factor of 145864295?
False
Is 56710739 a multiple of 2287?
True
Is 8266725 a multiple of 45?
True
Is 110728208 a multiple of 136?
True
Does 14 divide 10653330?
False
Does 2728 divide 2167005409?
False
Is 43102250 a multiple of 265?
True
Does 45 divide 552318811?
False
Does 26 divide 10565464?
True
Is 751 a factor of 4991936803?
True
Is 12566502 a multiple of 338?
True
Is 2077064890 a multiple of 10?
True
Is 7737025 a multiple of 30?
False
Is 45 a factor of 67173261?
False
Does 316 divide 19656464?
True
Is 995 a factor of 17517970?
True
Is 1912 a factor of 276220904?
True
Is 1953 a factor of 390841590?
False
Is 154437326 a multiple of 49?
False
Is 459 a factor of 999243?
True
Is 20304701 a multiple of 19?
False
Is 2867 a factor of 415782158?
False
Is 22594369 a multiple of 503?
False
Is 122695244 a multiple of 11?
False
Does 3908 divide 1289691940?
False
Does 2706 divide 519658349?
False
Does 355 divide 1630515?
True
Is 512792538 a multiple of 519?
False
Is 42041292 a multiple of 24?
False
Does 17 divide 184096451?
True
Is 194311793 a multiple of 36?
False
Does 25 divide 536003677?
False
Is 8357995 a multiple of 66?
False
Does 80 divide 1227104400?
True
Is 60239859 a multiple of 175?
False
Is 1876 a factor of 2898194672?
False
Is 56 a factor of 36790320?
True
Is 6 a factor of 23530150?
False
Does 9 divide 739403775?
True
Is 608047050 a multiple of 390?
True
Is 174898836 a multiple of 14?
True
Is 8651 a factor of 5454957258?
True
Is 2563 a factor of 768454038?
True
Is 13 a factor of 1974015915?
False
Does 580 divide 399185340?
False
Does 318 divide 2906694264?
True
Is 30 a factor of 584305050?
True
Is 712752240 a multiple of 1423?
True
Is 14561657 a multiple of 1600?
False
Is 167866993 a multiple of 119?
True
Is 18 a factor of 401561451?
False
Is 109 a factor of 39150293?
True
Does 20 divide 407413780?
True
Is 232 a factor of 807584344?
True
Does 1094 divide 760583354?
False
Is 10 a factor of 270496737?
False
Does 964 divide 1447099924?
True
Is 11143650 a multiple of 42?
True
Is 9475560 a multiple of 14?
False
Is 29 a factor of 37573462?
False
Is 51 a factor of 180852375?
True
Is 48368826 a multiple of 609?
False
Is 11 a factor of 475434104?
False
Is 29688525 a multiple of 543?
True
Does 2781 divide 39781831?
False
Is 1137866608 a multiple of 1808?
True
Is 27820485 a multiple of 155?
True
Is 4271410650 a multiple of 269?
True
Is 77 a factor of 250066740?
True
Does 5 divide 930282?
False
Is 64315193 a multiple of 134?
False
Does 484 divide 340493231?
False
Is 71860352 a multiple of 2?
True
Is 40 a factor of 2836910920?
True
Is 586 a factor of 1380744920?
True
Is 24 a factor of 45843936?
True
Does 85 divide 130789160?
True
Is 12366216 a multiple of 85?
False
Is 550415361 a multiple of 5718?
False
Is 275 a factor of 3390499297?
False
Is 61656577 a multiple of 3?
False
Does 10 divide 139755621?
False
Is 35221296 a multiple of 328?
True
Is 3053341551 a multiple of 77?
False
Is 167477992 a multiple of 8?
True
Is 7 a factor of 8581094?
False
Does 20 divide 140195680?
True
Is 18759441 a multiple of 19?
True
Is 36 a factor of 2330507545?
False
Is 1288 a factor of 653310952?
True
Is 66414874 a multiple of 68?
False
Is 53473926 a multiple of 106?
True
Is 420 a factor of 546417054?
False
Does 818 divide 39486496?
True
Does 2 divide 433590093?
False
Is 2514 a factor of 548796144?
True
Is 435552763 a multiple of 142?
False
Does 24 divide 730882464?
True
Is 8 a factor of 622472?
True
Is 11 a factor of 326384377?
True
Is 40738287 a multiple of 257?
False
Is 28 a factor of 83515852?
True
Is 4537248615 a multiple of 729?
True
Does 3 divide 6221414?
False
Is 72 a factor of 29093904?
True
Is 31 a factor of 1932450?
False
Does 481 divide 183710546?
False
Is 13 a factor of 290216088?
False
Does 1621 divide 1554111056?
True
Does 21 divide 33664299?
False
Is 26479362 a multiple of 14?
True
Is 43990634 a multiple of 178?
False
Is 7940960 even?
True
Is 955 a factor of 274852728?
False
Does 18 divide 1471601?
False
Is 15 a factor of 586155210?
True
Does 735 divide 41071065?
True
Is 1076 a factor of 1274479252?
False
Does 397 divide 12081504?
True
Does 12 divide 621996?
True
Is 78043920 a multiple of 6?
True
Is 1245569 a multiple of 570?
False
Is 8152589 a multiple of 5?
False
Is 11 a factor of 31118945?
True
Is 2155980304 a multiple of 428?
False
Is 17 a factor of 8334069?
False
Is 649 a factor of 1161035689?
True
Does 21 divide 229960206?
True
Is 73600856 a multiple of 32?
False
Does 704 divide 225047518?
False
Is 12968655 a multiple of 21?
True
Is 39735392 a multiple of 68?
True
Is 181020347 a multiple of 2207?
True
Is 52529951 a multiple of 307?
False
Is 73238688 a multiple of 3792?
True
Does 1073 divide 77433479?
False
Is 823370 a multiple of 274?
True
Is 1023946644 a multiple of 12?
True
Is 4 a factor of 18908932?
True
Does 3 divide 16822070?
False
Is 234880380 a multiple of 1260?
True
Is 389779432 a multiple of 56?
True
Is 212 a factor of 47518365?
False
Does 234 divide 45069570?
True
Is 3644336502 a multiple of 62?
True
Is 410880426 a multiple of 2937?
True
Is 14 a factor of 440878704?
True
Does 390 divide 50279580?
True
Is 3869133800 a multiple of 100?
True
Does 1622 divide 76000817?
False
Is 829 a factor of 57410737?
True
Is 1041 a factor of 19420896?
True
Is 86 a factor of 8466012?
True
Is 707 a factor of 117690048?
True
Is 1291588617 a multiple of 9?
False
Is 323 a factor of 677235392?
True
Is 4 a factor of 80681755?
False
Is 2 a factor of 124011580?
True
Is 22412704 a multiple of 5?
False
Is 152376328 a multiple o